{"id":238,"date":"2017-08-22T17:38:15","date_gmt":"2017-08-22T23:38:15","guid":{"rendered":"http:\/\/empresas.librosparatodoscr.com\/registronacional2017\/?page_id=238"},"modified":"2017-08-22T17:38:49","modified_gmt":"2017-08-22T23:38:49","slug":"leer-mas-aqui","status":"publish","type":"page","link":"https:\/\/empresas.librosparatodoscr.com\/registronacional2017\/leer-mas-aqui\/","title":{"rendered":"Leer mas aqu\u00ed"},"content":{"rendered":"<p>Somos un proyecto del Registro Nacional de Costa Rica que busca llevar a los centros educativos experiencias did\u00e1cticas que permitan concienciar a la poblaci\u00f3n educativa respecto de la relevancia de la protecci\u00f3n de los derechos intelectuales.Adem\u00e1s, permite posicionar en el constructor educativo la marca del Registro Nacional.<\/p>\n<p>Se trabaja en educaci\u00f3n primaria y secundaria, tanto con estudiantes como con docentes.<\/p>\n","protected":false},"excerpt":{"rendered":"<p>Somos un proyecto del Registro Nacional de Costa Rica que busca llevar a los centros educativos experiencias did\u00e1cticas que permitan concienciar a la poblaci\u00f3n educativa respecto de la relevancia de &#8230;<\/p>\n","protected":false},"author":4,"featured_media":0,"parent":0,"menu_order":0,"comment_status":"closed","ping_status":"closed","template":"","meta":{"footnotes":""},"class_list":["post-238","page","type-page","status-publish","hentry"],"_links":{"self":[{"href":"https:\/\/empresas.librosparatodoscr.com\/registronacional2017\/wp-json\/wp\/v2\/pages\/238","targetHints":{"allow":["GET"]}}],"collection":[{"href":"https:\/\/empresas.librosparatodoscr.com\/registronacional2017\/wp-json\/wp\/v2\/pages"}],"about":[{"href":"https:\/\/empresas.librosparatodoscr.com\/registronacional2017\/wp-json\/wp\/v2\/types\/page"}],"author":[{"embeddable":true,"href":"https:\/\/empresas.librosparatodoscr.com\/registronacional2017\/wp-json\/wp\/v2\/users\/4"}],"replies":[{"embeddable":true,"href":"https:\/\/empresas.librosparatodoscr.com\/registronacional2017\/wp-json\/wp\/v2\/comments?post=238"}],"version-history":[{"count":2,"href":"https:\/\/empresas.librosparatodoscr.com\/registronacional2017\/wp-json\/wp\/v2\/pages\/238\/revisions"}],"predecessor-version":[{"id":240,"href":"https:\/\/empresas.librosparatodoscr.com\/registronacional2017\/wp-json\/wp\/v2\/pages\/238\/revisions\/240"}],"wp:attachment":[{"href":"https:\/\/empresas.librosparatodoscr.com\/registronacional2017\/wp-json\/wp\/v2\/media?parent=238"}],"curies":[{"name":"wp","href":"https:\/\/api.w.org\/{rel}","templated":true}]}}

Leer mas aquí

<p>Somos un proyecto del Registro Nacional de Costa Rica que busca llevar a los centros educativos experiencias didácticas que permitan concienciar a la población educativa respecto de la relevancia de la protección de los derechos intelectuales.Además, permite posicionar en el constructor educativo la marca del Registro Nacional.</p>
<p>Se trabaja en educación primaria y secundaria, tanto con estudiantes como con docentes.</p>

<p>Somos un proyecto del Registro Nacional de Costa Rica que busca llevar a los centros educativos experiencias didácticas que permitan concienciar a la población educativa respecto de la relevancia de &#8230;</p>
