{"id":222,"date":"2016-07-01T10:13:19","date_gmt":"2016-07-01T16:13:19","guid":{"rendered":"http:\/\/empresas.librosparatodoscr.com\/solnaciente2016\/?page_id=222"},"modified":"2016-07-21T09:08:23","modified_gmt":"2016-07-21T15:08:23","slug":"escuela-la-california","status":"publish","type":"page","link":"https:\/\/empresas.librosparatodoscr.com\/solnaciente2016\/escuela-la-california\/","title":{"rendered":"Escuela La California"},"content":{"rendered":"<h4 style=\"text-align: center;\">Rendimiento Acad\u00e9mico 2012 a 2015<\/h4>\n<p><iframe loading=\"lazy\" style=\"display: block; margin: 0px auto;\" src=\"http:\/\/empresas.librosparatodoscr.com\/_assets\/2016\/sol_naciente\/la_california\/rendimiento.html\" width=\"100%\" height=\"500\" frameborder=\"0\"><\/iframe><\/p>\n<p>&nbsp;<\/p>\n<h4 style=\"text-align: center;\">Encuesta a los docentes<\/h4>\n<h5 style=\"text-align: center;\">1. \u00bfUtilizan sus estudiantes estos libros?<\/h5>\n<p><iframe loading=\"lazy\" style=\"display: block; margin: 0px auto; overflow: hidden;\" src=\"http:\/\/empresas.librosparatodoscr.com\/_assets\/2016\/sol_naciente\/la_california\/01-encuesta.html\" width=\"100%\" height=\"350\" frameborder=\"0\"><\/iframe><\/p>\n<p>&nbsp;<\/p>\n<h5 style=\"text-align: center;\">2. \u00bfUtiliza usted los contenidos y pr\u00e1cticas de los libros diariamente?<\/h5>\n<p><iframe loading=\"lazy\" style=\"display: block; margin: 0px auto; overflow: hidden;\" src=\"http:\/\/empresas.librosparatodoscr.com\/_assets\/2016\/sol_naciente\/la_california\/02-encuesta.html\" width=\"100%\" height=\"350\" frameborder=\"0\"><\/iframe><\/p>\n<p>&nbsp;<\/p>\n<h5 style=\"text-align: center;\">3. \u00bfAsigna tareas y proyectos bas\u00e1ndose en esos textos?<\/h5>\n<p><iframe loading=\"lazy\" style=\"display: block; margin: 0px auto; overflow: hidden;\" src=\"http:\/\/empresas.librosparatodoscr.com\/_assets\/2016\/sol_naciente\/la_california\/03-encuesta.html\" width=\"100%\" height=\"350\" frameborder=\"0\"><\/iframe><\/p>\n<p>&nbsp;<\/p>\n<h5 style=\"text-align: center;\">4. \u00bfQu\u00e9 aspectos positivos de los textos le han ayudado en su quehacer?<\/h5>\n<div class=\"rowAnser1\">Las actividades y pr\u00e1cticas contemplan lo solicitado por los programas de estudio por esta raz\u00f3n los utilizamos constantemente para reforzar la materia vista en clase<\/div>\n<div class=\"rowAnser2\">Me encantan los libros y a los ni\u00f1os tambi\u00e9n, el papel, los dibujos, los ejemplos, las pr\u00e1cticas, las actividades, los talleres, las evaluaciones y en fin todo aquello que les ayuda en su progreso<\/div>\n<div class=\"rowAnser1\">Las pr\u00e1cticas de los libros ayudan a comprender mejpr los temas en desarrollo<\/div>\n<div class=\"rowAnser2\">Las actividades y pr\u00e1cticas contemplan lo solicitado por los programas de estudio por esta raz\u00f3n los utilizamos constantemente para reforzar la materia vista en clase<\/div>\n<div class=\"rowAnser1\">Son una excelente ayuda para los ni\u00f1os y ni\u00f1as, en casos la \u00fanica herramienta con la que disponen los menores, para poder acrecentar sus conocimientos<\/div>\n<div class=\"rowAnser2\">A la hora de impartir un contenido nuevo, el material que viene en los libros me facilita el reforzamiento de dicho contenido, ya que pueden practicar y repasar<\/div>\n<div class=\"rowAnser1\">Las actividades l\u00fadicas que estimulan al estudiante para un mejor desempe\u00f1o<\/div>\n<div class=\"rowAnser2\">Son un recurso importante  ya que todos los estudiantes pueden trabajar con ellos, sirven como repaso o retroalimentar un tema. Mucha pr\u00e1ctica.<\/div>\n<div class=\"rowAnser1\">Facilita el trabajo en el aula.<\/div>\n<div class=\"rowAnser2\">No es necesario fotocopiar material, los ni\u00f1os y ni\u00f1as de escasos recursos pueden tener el material<\/div>\n<div class=\"rowAnser1\">En lo personal me gusta mucho como explican todo, son textos bastante sencillos para que el docente los trabaje.<\/div>\n<p>&nbsp;<\/p>\n<h5 style=\"text-align: center;\">5. \u00bfSiguen estos libros los programas de estudio del MEP?<\/h5>\n<p><iframe loading=\"lazy\" style=\"display: block; margin: 0px auto; overflow: hidden;\" src=\"http:\/\/empresas.librosparatodoscr.com\/_assets\/2016\/sol_naciente\/la_california\/06-encuesta.html\" width=\"100%\" height=\"350\" frameborder=\"0\"><\/iframe><\/p>\n<p>&nbsp;<\/p>\n<h5 style=\"text-align: center;\">6. \u00bfLe gustan estos libros?<\/h5>\n<p><iframe loading=\"lazy\" style=\"display: block; margin: 0px auto; overflow: hidden;\" src=\"http:\/\/empresas.librosparatodoscr.com\/_assets\/2016\/sol_naciente\/la_california\/07-encuesta.html\" width=\"100%\" height=\"350\" frameborder=\"0\"><\/iframe><\/p>\n<p>&nbsp;<\/p>\n<h5 style=\"text-align: center;\">7. \u00bfLe gustan estos libros a los estudiantes?<\/h5>\n<p><iframe loading=\"lazy\" style=\"display: block; margin: 0px auto; overflow: hidden;\" src=\"http:\/\/empresas.librosparatodoscr.com\/_assets\/2016\/sol_naciente\/la_california\/08-encuesta.html\" width=\"100%\" height=\"350\" frameborder=\"0\"><\/iframe><\/p>\n<p>&nbsp;<\/p>\n<h5 style=\"text-align: center;\">98. \u00bfHa habido mejor\u00eda acad\u00e9mica en los estudiantes a ra\u00edz del uso de estos libros?<\/h5>\n<p><iframe loading=\"lazy\" style=\"display: block; margin: 0px auto; overflow: hidden;\" src=\"http:\/\/empresas.librosparatodoscr.com\/_assets\/2016\/sol_naciente\/la_california\/09-encuesta.html\" width=\"100%\" height=\"350\" frameborder=\"0\"><\/iframe><\/p>\n<p>&nbsp;<\/p>\n<h5 style=\"text-align: center;\">9. \u00bfQu\u00e9 opinan los padres de familia sobre estos textos?<\/h5>\n<div class=\"rowAnser1\">Agradecidos por la gran ayuda para sus hijos.<\/div>\n<div class=\"rowAnser2\">En cuanto a la opini\u00f3n de ellos se sienten muy agradecidos por tan grande ayuda para con los ni\u00f1os, es una herramienta muy valiosa,  a ustedes les digo muchas gracias.<\/div>\n<div class=\"rowAnser1\">Contentos con este material tan importante para sus hijos.<\/div>\n<div class=\"rowAnser2\">Agradecidos por la gran ayuda para sus hijos.<\/div>\n<div class=\"rowAnser1\">Que son de gran ayuda para sus hijos y expresan su alegr\u00eda.<\/div>\n<div class=\"rowAnser2\">Que se ajustan muy bien a los contenidos que se imparten.<\/div>\n<div class=\"rowAnser1\">Agradecidos por la gran ayuda para sus hijos.<\/div>\n<div class=\"rowAnser2\">Les ayuda en el hogar para ellos es material importante.<\/div>\n<div class=\"rowAnser1\">Les agrada ya que es una ayuda econ\u00f3mica, para sus hijos al brindarle los libros.<\/div>\n<div class=\"rowAnser2\">Que son de gran ayuda para que los ni\u00f1os y ni\u00f1as estudien<\/div>\n<div class=\"rowAnser1\">Est\u00e1n muy agradecidos ya que a nuestros estudiantes se los donan.<\/div>\n<p>&nbsp;<\/p>\n<h5 style=\"text-align: center;\">10. \u00bfEstar\u00eda interesado en recibir los libros para el pr\u00f3ximo a\u00f1o?<\/h5>\n<p><iframe loading=\"lazy\" style=\"display: block; margin: 0px auto; overflow: hidden;\" src=\"http:\/\/empresas.librosparatodoscr.com\/_assets\/2016\/sol_naciente\/la_california\/11-encuesta.html\" width=\"100%\" height=\"350\" frameborder=\"0\"><\/iframe><\/p>\n<p>&nbsp;<\/p>\n<h5 style=\"text-align: center;\">11. Si ha usado la p\u00e1gina web, cu\u00e9ntenos de qu\u00e9 manera le ha beneficiado su labor.<\/h5>\n<div class=\"rowAnser1\">Nunca he podido ingresar a la p\u00e1gina de ustedes.<\/div>\n<div class=\"rowAnser2\">No, nunca pude lograrlo.<\/div>\n<div class=\"rowAnser1\">Lastimosamente no he podido ingresar a ella.<\/div>\n<div class=\"rowAnser2\">Yo no la he utilizado. Pero me gustar\u00eda hacerlo.<\/div>\n<div class=\"rowAnser1\">No he utilizado la p\u00e1gina web por el momento.<\/div>\n<div class=\"rowAnser2\">No la he utilizado.<\/div>\n<div class=\"rowAnser1\">He tenido problemas para entrar a la p\u00e1gina web, me gustar\u00eda realizarlo para tener otra herramienta a mano y beneficiar a los estudiantes.<\/div>\n<div class=\"rowAnser2\">Nunca he podido entrar.<\/div>\n<div class=\"rowAnser1\">No la he utilizado pero lo har\u00e9 y les estar\u00e9 compartiendo los beneficios en mi labor.<\/div>\n<div class=\"rowAnser2\">No he utilizado la p\u00e1gina web.<\/div>\n<p>&nbsp;<\/p>\n<h5 style=\"text-align: center;\">12. Anote cualquier sugerencia adicional<\/h5>\n<div class=\"rowAnser1\">Gracias, es una gran ayuda para nuestra instituci\u00f3n, Dios los Bendiga.<\/div>\n<div class=\"rowAnser2\">Cuando lleg\u00f3 estos libros a mis manos me sent\u00ed muy agradecida para con mi Dios y para con ustedes, ver que personas  tan desinteresadas y con tanto amor dedican tiempo, recursos, y en fin todo aquello para dotar a una escuela con tan maravillosos libros y a\u00fan m\u00e1s me sent\u00ed con gozo que fuera para esta comunidad que tanto lo necesita.<\/div>\n<div class=\"rowAnser1\">Gracias, es una gran ayuda para nuestra instituci\u00f3n, ellos tienen poco vocabulario y conocen pocas, cosas viendo las im\u00e1genes se abren las al mundo y a conocer su entorno.<\/div>\n<div class=\"rowAnser2\">Son de gran ayuda para nuestros estudiantes, y para la labor docente.  Gracias a ellos se puede trabajar con mayor logro para los estudiantes.<\/div>\n<div class=\"rowAnser1\">Excelentes libros, esperamos contar con ellos para el pr\u00f3ximo a\u00f1o y as\u00ed poder seguir logrando un buen proceso de ense\u00f1anza-aprendizaje con su ayuda.<\/div>\n<div class=\"rowAnser2\">Un agradecimiento por parte de los padres de familia, personal docente y estudiantes.<\/div>\n<div class=\"rowAnser1\">Considero que algunas pr\u00e1cticas en matem\u00e1tica est\u00e1n un poco elevadas para los chicos&#8230;yo doy segundo ciclo. Y algunos temas y respuestas se deben de investigar m\u00e1s. Tambi\u00e9n me parece que en espa\u00f1ol algunos temas tienen mucha pr\u00e1ctica&#8230;. se debe de trabajar poco a poco&#8230;<\/div>\n<div class=\"rowAnser2\">Una forma m\u00e1s f\u00e1cil y efectiva para ingresar al uso de los materiales que ustedes ofrecen.<\/div>\n<div class=\"rowAnser1\">Tener un banco de material did\u00e1ctico para primaria, sea de libre descarga o que se compr\u00e9.<\/div>\n<div class=\"rowAnser2\">Que me ayuden con alguna informaci\u00f3n para poder ingresar a su p\u00e1gina.<\/div>\n<p>&nbsp;<\/p>\n<h5 style=\"text-align: center;\">Aspectos de mejora<\/h5>\n<div class=\"rowAnser1\">Adem\u00e1s, se consult\u00f3 a los docentes por aspectos de mejora del material did\u00e1ctico, que ser\u00e1n tomados en cuenta el \u00e1rea editorial de Libros para Todos.<\/div>\n","protected":false},"excerpt":{"rendered":"<p>Rendimiento Acad\u00e9mico 2012 a 2015 &nbsp; Encuesta a los docentes 1. \u00bfUtilizan sus estudiantes estos libros? &nbsp; 2. \u00bfUtiliza usted los contenidos y pr\u00e1cticas de los libros diariamente? &nbsp; 3. \u00bfAsigna tareas y proyectos bas\u00e1ndose en esos textos? &nbsp; 4. \u00bfQu\u00e9 aspectos positivos de los textos le han ayudado en su quehacer? Las actividades y pr\u00e1cticas contemplan lo solicitado por los programas de estudio por esta raz\u00f3n los utilizamos constantemente para reforzar la materia vista en clase Me encantan los&#8230;<\/p>\n","protected":false},"author":1,"featured_media":0,"parent":0,"menu_order":0,"comment_status":"closed","ping_status":"closed","template":"","meta":{"footnotes":""},"class_list":["post-222","page","type-page","status-publish","hentry"],"_links":{"self":[{"href":"https:\/\/empresas.librosparatodoscr.com\/solnaciente2016\/wp-json\/wp\/v2\/pages\/222","targetHints":{"allow":["GET"]}}],"collection":[{"href":"https:\/\/empresas.librosparatodoscr.com\/solnaciente2016\/wp-json\/wp\/v2\/pages"}],"about":[{"href":"https:\/\/empresas.librosparatodoscr.com\/solnaciente2016\/wp-json\/wp\/v2\/types\/page"}],"author":[{"embeddable":true,"href":"https:\/\/empresas.librosparatodoscr.com\/solnaciente2016\/wp-json\/wp\/v2\/users\/1"}],"replies":[{"embeddable":true,"href":"https:\/\/empresas.librosparatodoscr.com\/solnaciente2016\/wp-json\/wp\/v2\/comments?post=222"}],"version-history":[{"count":12,"href":"https:\/\/empresas.librosparatodoscr.com\/solnaciente2016\/wp-json\/wp\/v2\/pages\/222\/revisions"}],"predecessor-version":[{"id":236,"href":"https:\/\/empresas.librosparatodoscr.com\/solnaciente2016\/wp-json\/wp\/v2\/pages\/222\/revisions\/236"}],"wp:attachment":[{"href":"https:\/\/empresas.librosparatodoscr.com\/solnaciente2016\/wp-json\/wp\/v2\/media?parent=222"}],"curies":[{"name":"wp","href":"https:\/\/api.w.org\/{rel}","templated":true}]}}